 + v. List the prime factors of 2*k - (-297)/11.
5
Suppose 0 = -4*q - 12, z - 73 = 2*q + 20. Suppose 4*k + 5*v - 74 - 93 = 0, 2*k - v - z = 0. List the prime factors of k.
43
Let c(i) = -2*i**3 + 6*i**2 + 2*i + 2. Let d be c(5). Suppose 5*v + 4*s + 3 = -31, 3*v + 38 = 2*s. What are the prime factors of 15/v*d/6?
2, 11
Suppose 4*y + 2*r = 54, 0 = -4*y + 3*y + 4*r. List the prime factors of ((-8)/(-10))/(y/360).
2, 3
Suppose 4*x + 14*u = 13*u + 297, 3*x - 3*u = 204. What are the prime factors of x?
73
Let r(k) = -1950*k**3 - 14*k**2 - 13*k. List the prime factors of r(-1).
1949
Suppose 0 = -4*l - 3*l + 35. Suppose 5*i - 655 = 5*r - l, -2*i + 4*r = -250. What are the prime factors of i?
3, 5
Let y(g) be the first derivative of 31*g**2/2 - 19*g - 17. What are the prime factors of y(5)?
2, 17
Let b = 19 - 25. Let k(h) = -2*h + 6. What are the prime factors of k(b)?
2, 3
Suppose 33 = 4*s - 131. Let g = s - -9. List the prime factors of g.
2, 5
Let d = -1538 - -1814. List the prime factors of d.
2, 3, 23
Suppose -3*l - 4*d = -1563, -13*d + 9*d - 2605 = -5*l. List the prime factors of l.
521
Let j = -32 - -34. Suppose j*w + 7*k - 3*k = 8, -5*w + 5*k + 5 = 0. What are the prime factors of w?
2
Let v be -1*1/2*-6. Let u(d) be the third derivative of d**5/20 - d**4/12 - 5*d**2. List the prime factors of u(v).
3, 7
Let z(n) = -45*n - 13. List the prime factors of z(-16).
7, 101
Suppose -5*c + 15*c - 1020 = 0. List the prime factors of c.
2, 3, 17
Let v(r) = 2*r**3 + 54*r**2 - 31*r + 21. What are the prime factors of v(-26)?
2179
Let v(o) = 2*o**2 + o - 3. Let n be v(5). Suppose -4*u = -0*u - n. List the prime factors of u.
13
Let t = 158 - 26. Suppose 2*w + 0*z - t = 3*z, -5*z = 2*w - 164. List the prime factors of w.
2, 3
Let f(v) = v**3 - 14*v**2 + 14*v - 20. List the prime factors of f(15).
5, 83
Let n = 21 - 16. Suppose -2*p = n*i - 5*p - 721, i - 134 = 4*p. List the prime factors of i.
2, 73
Suppose -j - 7*a - 6558 = -6*j, 3914 = 3*j + a. List the prime factors of j.
2, 653
Let s(i) = i**3 - 16*i**2 - 37*i - 7. List the prime factors of s(19).
373
Let z(n) = -n**3 + 6*n**2 + 8*n - 3. Let i be z(9). Let g = 366 + i. What are the prime factors of g?
2, 3
Suppose 2*p + 2*p + 5*q - 21 = 0, 2*q = 3*p - 10. What are the prime factors of (4/(-8))/(p/(-928))?
2, 29
Let m = -1096 + 3821. List the prime factors of m.
5, 109
Let d = -704 + 1225. Suppose -749 = -10*o + d. What are the prime factors of o?
127
Let s = -21 - -13. List the prime factors of (-57)/(-9) + s/6.
5
Suppose 650 = 5*t - 5*v, -2*v - 6 = -2. Suppose 27*w - 26*w = t. Suppose 8*h - 4*h = w. List the prime factors of h.
2
Let q be (-1 - 0)*1 + 1. Suppose 0 = 5*x - 3*p - 233, q = -3*x - p + 2*p + 143. Let h = x - 30. List the prime factors of h.
19
Let g(p) = 581*p**2 - 2*p + 3. List the prime factors of g(1).
2, 3, 97
Let n(w) = -w**2 + 36*w + 31. Let u be (-4)/(16/(-108)) - 24/(-6). What are the prime factors of n(u)?
2, 3, 31
Suppose -54*u - 4*s = -58*u + 3804, -3*u + 2874 = 4*s. What are the prime factors of u?
2, 3, 53
Let l(b) = -b**2 + 10*b - 1. Let g be l(9). Suppose g*w = -w + 1044. What are the prime factors of w?
2, 29
Let j(i) = 38*i**2 - 1 - i + 3*i + 28*i**2. Let n be j(1). Suppose -5*g + 148 = -n. What are the prime factors of g?
43
Suppose 2*q + 12 = 4*q. Suppose 79*z - 8 = 80*z. Let y = q - z. What are the prime factors of y?
2, 7
Let w(y) = y**3 + 12*y**2 + 12*y + 10. Let v be w(-11). Let x(i) = -i - 1. Let t be x(v). Suppose 4*k + t*k = 36. List the prime factors of k.
3
Suppose -3*a + 6 + 3 = 0. Suppose 0 = 5*p + 10 + 10, -a*x + 295 = 5*p. List the prime factors of x.
3, 5, 7
Suppose -16 = -4*f, 2*j = -4*f - 1 + 19. What are the prime factors of 586/4 + 1/(-2)*j?
2, 73
Let r(d) = 2*d**2 - 2*d + 22. Let b be r(11). Suppose -b = -4*f + 226. List the prime factors of f.
3, 13
Suppose 10*c = 37*c - 21249. List the prime factors of c.
787
Let j(t) = -t**3 + 8*t**2 - 7*t - 8. What are the prime factors of j(-11)?
2, 37
Let b = -23 + 39. Let t = 4 + b. What are the prime factors of t?
2, 5
Let y = -59 - -152. Let q = 158 + y. What are the prime factors of q?
251
Suppose 5*z - 76 = 799. List the prime factors of z.
5, 7
Let q(z) be the first derivative of -z**4/2 + 2*z**3/3 + 9*z**2/2 - 2*z - 4. List the prime factors of q(-4).
2, 61
Let a(x) = -13*x - 87. What are the prime factors of a(-12)?
3, 23
Let w(s) = -s. Let z be w(5). Let h be 2 + -1 + (-14)/(-1) + 0. Let l = h + z. What are the prime factors of l?
2, 5
Suppose -7*w = -2*w - 25. Let o = w - 3. Suppose 0 = 5*r - 4*a - 251, o*r + 4*a - 78 = -0*r. What are the prime factors of r?
47
Let h(d) = 3*d - 17. Let r = -8 + 11. Suppose o + 2*u - 12 = u, r*u = 5*o - 44. What are the prime factors of h(o)?
13
Suppose -r = -2*r - 189. Let m = -97 - r. What are the prime factors of m?
2, 23
Let s(m) = m**2 + m + 111. Let q be s(0). Suppose 0 = 2*r - 251 - q. What are the prime factors of r?
181
Suppose -30*v = -85587 - 40953. List the prime factors of v.
2, 3, 19, 37
Let i(a) = 217*a**2 + 13*a - 14. List the prime factors of i(1).
2, 3
What are the prime factors of 32979/7 + 14 + 500/(-35)?
7, 673
Suppose z - 5*b + b - 70 = 0, 4*z = 2*b + 238. Let i = z + 50. List the prime factors of i.
2, 3
Suppose 3*o + b = 4*b + 1053, -2*o + 727 = 3*b. Suppose -3*j - o = -7*j. What are the prime factors of j?
89
Let p = 9 + -15. Let q be 90/12*p/(-5). What are the prime factors of q/(3/(-1)) - -5?
2
Suppose 7*h - 168 = h. List the prime factors of h.
2, 7
Suppose -45*z + 144199 + 97226 = 0. What are the prime factors of z?
5, 29, 37
Let g(c) = -2*c**2 - 25*c - 50. Let h(x) = x**2 + 13*x + 25. Let d(m) = -3*g(m) - 5*h(m). List the prime factors of d(-10).
5
Let c(i) = -2*i**3 - 63*i**2 - 30*i + 36. List the prime factors of c(-31).
5
Let d(o) = -o**2 - 9*o + 15. Let g be d(-10). Suppose -5*h + 395 = -g*t, -2*t - 5 = -3*t. List the prime factors of h.
2, 3, 7
Let k(f) = -34*f**2 - 2*f - 2. Let h be k(-1). Let w = 49 + h. List the prime factors of w.
3, 5
Let c(w) = -13*w - 4. Let b = 15 + -19. List the prime factors of c(b).
2, 3
Let v = -1571 - -2301. What are the prime factors of v?
2, 5, 73
Suppose 12*y - 11*y - 155 = 0. Suppose 2*r - 299 = -3*d, -3*d + y = 5*r - 138. What are the prime factors of d?
101
Let i(s) = -95*s - 13. List the prime factors of i(-8).
3, 83
What are the prime factors of 2540/(-15)*(-2 - (-1)/2)?
2, 127
Suppose 1082 - 3074 = -8*j. What are the prime factors of j?
3, 83
Let p = -252 + 1221. List the prime factors of p.
3, 17, 19
Suppose 0 = -9*o + 4711 + 3614. List the prime factors of o.
5, 37
Suppose 4*r + 2664 = 7*x - 3*x, 0 = 4*x + 2*r - 2634. What are the prime factors of x?
661
Let o = 7 + 15. Let j(b) = -b**3 + 22*b**2 + 23*b + 20. Let m be j(23). Suppose -k - 4*v = -m, -o - 25 = -k + 5*v. What are the prime factors of k?
2
Let z(d) be the third derivative of d**4/4 - d**3/6 + 6*d**2. Let l be z(3). Suppose 14*i + 111 = l*i. List the prime factors of i.
37
Suppose 11952 = 3*t + 13*t. Suppose t = -9*c + 2439. List the prime factors of c.
2, 47
Suppose -5*a + 5*r + 19 = -2*a, 4*a - 22 = 5*r. Let v = 242 - 167. Suppose -3*g + v = a*o, -3*o + 11 = -g - 48. List the prime factors of o.
3, 7
Let v = 2434 + -1402. What are the prime factors of v?
2, 3, 43
Suppose -3*i = 5*w - 11278, -13*w + 11279 = 3*i - 9*w. List the prime factors of i.
3761
Let g = 6 - 28. Suppose -4*k - 5*r + 305 = -0*r, 0 = 5*k - 2*r - 340. Let x = g + k. What are the prime factors of x?
2, 3
Suppose 48*y - 44*y = 24. Suppose 3*a = -y + 186. What are the prime factors of a?
2, 3, 5
Let a be 5/10*36/3. Let v(h) = 2 - a - 4 + 0 - 2*h. What are the prime factors of v(-9)?
2, 5
Suppose 33 = 3*k - 12. Suppose -r + k = -79. What are the prime factors of r?
2, 47
Let l(o) = -14*o + 446. What are the prime factors of l(22)?
2, 3, 23
Let r(v) = 2*v + 3. Let t be r(-3). Let o = t - -42. Suppose 3*p - o = 30. List the prime factors of p.
23
Let r(g) = -3*g**3 - 3*g**2 - 4*g - 2. Suppose 0 = -3*h + 3*a + 3, 3*h + 5*a + 23 = -h. List the prime factors of r(h).
2, 3
Let f(o) = 2*o - 3. Let a be f(7). Let s = a - 14. What are the prime factors of (-8)/(-4) - (1 + s)?
2
Let u(t) be the first derivative of 14/3*t**3 - 12*t - 1 - 17/2*t**2 + 1/4*t**4. What are the prime